452, 5*o - 8*o - 3*m = -64398. List the prime factors of o.
3, 23, 311
Let q(n) = 2*n**2 - 9*n - 14. Let r be -23 + (0 - 1) + -32 + 35. Let i = -29 - r. List the prime factors of q(i).
2, 3, 31
Let x(n) = -14*n**3 - 8*n**2 - 34*n + 161. Let l(c) = -21*c**3 - 12*c**2 - 52*c + 242. Let t(r) = 5*l(r) - 8*x(r). What are the prime factors of t(6)?
2, 3, 5, 11
Suppose 108275 = 3*y - 4*w, 0 = 124*y - 123*y - 4*w - 36089. List the prime factors of y.
3, 53, 227
Suppose -y = -3*y. Suppose y = 555*b - 557*b + 96. What are the prime factors of b?
2, 3
Let y = 10 + -10. Suppose 4*i - 5*g - 1707 = y, 12 = -3*g - g. What are the prime factors of i?
3, 47
Suppose -19*l - 5*s = -22*l, 4*l = 2*s. Suppose -5*p = -3*f - 7*p + 798, -5*f + 5*p + 1330 = l. List the prime factors of f.
2, 7, 19
Let s(m) = 41*m - 2. Let d be s(-3). Let u = 570 + d. List the prime factors of u.
5, 89
Let t = -23844 + 40935. List the prime factors of t.
3, 211
Suppose 3*w = -3*x - 13 - 26, -3*x + 5*w - 31 = 0. What are the prime factors of 4 + 9/54 + (-4378)/x?
3, 41
Suppose 12*l - 248 = -68. Suppose p - 283 = q, 0 = l*p - 14*p + 3*q - 279. What are the prime factors of p?
2, 3, 47
Suppose -3*f = 2*g - 109, -4*g + 6*f = 2*f - 208. Suppose -29198 = -g*i + 71502. What are the prime factors of i?
2, 5, 19
List the prime factors of (-56)/63 + 2717488/72.
2, 113, 167
Suppose 0 = -3439*t + 3414*t + 192325. What are the prime factors of t?
7, 157
Let z(w) = -4*w**2 + 25*w + 15. Let p be z(7). Let q(f) = -6*f**3 - 3*f**2 + 5*f + 38. What are the prime factors of q(p)?
2, 13, 23
Suppose l = -a + 37105, 0 = 2*l - 4*l + a + 74234. List the prime factors of l.
3, 89, 139
Suppose 0 = -16*i + 10*i - 1368. Let g be (-4)/6*(i/8 - 3). Let n(l) = l**3 - 21*l**2 + l + 49. List the prime factors of n(g).
2, 5, 7
Let o = 19497 + -13848. List the prime factors of o.
3, 7, 269
Suppose -13*c + 32 = 3*c. Suppose -4*b - 224 = -3*r, -4*b = c - 6. List the prime factors of r.
2, 19
Suppose -4*s + 236 = -9*b + 12*b, -4*s + b + 220 = 0. Let t = 176 - s. What are the prime factors of t?
2, 3, 5
Suppose -7*p + 38725 + 49993 = 0. List the prime factors of p.
2, 6337
Let t(i) = 123*i - 5. Let l be 5 - 7 - (-4)/((-8)/(-10)). Let d be t(l). Suppose c = -3*c + d. List the prime factors of c.
7, 13
Suppose -t + 105*q + 20221 = 100*q, 0 = 5*t - 5*q - 101185. What are the prime factors of t?
3, 13, 173
What are the prime factors of (-1 - (-129)/12)/(123/92824)?
2, 13, 283
Let t(j) = 262*j**2 + 40*j - 770. What are the prime factors of t(12)?
2, 18719
Suppose -6*k = -7*k + 1784. Suppose -5*u + 2*h + 4475 = 7*h, 2*u = 4*h + k. What are the prime factors of u?
2, 3, 149
Let s(h) = 35*h - 122. Let u be s(-4). Suppose -4*t + 7*t + 1414 = 2*j, t - 3*j + 462 = 0. Let k = u - t. What are the prime factors of k?
2, 53
Suppose -54*j + 367016 = -122602. What are the prime factors of j?
9067
Let q = -4347 - -7277. List the prime factors of q.
2, 5, 293
Let d = -5 + -32. Let j = -64 + 124. Let r = j + d. What are the prime factors of r?
23
Suppose 0 = -2*z + 280*g - 285*g + 25216, 63059 = 5*z + 3*g. List the prime factors of z.
12613
Let f = -346 - -351. Suppose 5*x - 1523 = 7*r - 4*r, f*x = -4*r + 1551. List the prime factors of x.
307
Suppose -2*z + 44 = p, 0 = 8*z - 7*z - 5. Suppose 0 = -p*t + 36*t - 1818. What are the prime factors of t?
3, 101
Suppose -2*i - 17 = -3*f, 0*i - 20 = 5*i. Suppose -3*o - 137 = -f*q + 2*q, 0 = -q - 3*o + 119. Let z = q - 89. What are the prime factors of z?
3, 13
Suppose -9*y = -3*y - 41586. What are the prime factors of y?
29, 239
Let c(z) = 20*z + 188. Let o be c(18). Let r = 814 - o. What are the prime factors of r?
2, 7, 19
Let l = -5878 - -5636. Suppose 5*k + 631 = 226. Let y = k - l. List the prime factors of y.
7, 23
Let t(p) = 13*p**2 - 88*p - 2. Suppose 0*n = -4*n - 3*x + 48, 2*x - 44 = -4*n. List the prime factors of t(n).
7, 37
Let v(m) = m**3 + 28*m**2 - 5*m - 75. List the prime factors of v(-21).
3, 1039
Let q = -24745 + 29398. List the prime factors of q.
3, 11, 47
Suppose -11*b - 5*a = -6*b - 4470, -5*a + 30 = 0. What are the prime factors of b?
2, 3, 37
Let x be 1 + -5 + 5 + 1*-1. Suppose x = -2*w + 5 - 3, 0 = -2*f + w + 127. Suppose 5*m = f + 46. List the prime factors of m.
2, 11
Let q(f) = 6*f + 3. Let t(l) = -7*l + 2. Let h(k) = -10*k + 3. Let n(s) = 5*h(s) - 7*t(s). Let g(y) = 18*n(y) - 3*q(y). What are the prime factors of g(-3)?
3, 13
Let i = 37540 + -17190. What are the prime factors of i?
2, 5, 11, 37
Suppose 5*d = k + 19626, 5*d + 3*k = d + 15716. What are the prime factors of d?
2, 13, 151
Suppose -2*n = -4*r + 16, -3*n + 2 = -5*r + 22. Suppose n = 3*o - 713 - 439. List the prime factors of o.
2, 3
Let z = -2516 + 12456. Suppose 0 = 5*w + 5*w - z. List the prime factors of w.
2, 7, 71
Suppose v + 5 = 0, -4*o + 16*v = 3*v - 186469. List the prime factors of o.
46601
Let x(g) = 144*g**2 + 9*g + 90. List the prime factors of x(-6).
2, 3, 5, 29
What are the prime factors of 6/(-4 - (-1270)/315)?
3, 7
Let p(q) = 2631*q - 27. Let f(o) = -878*o + 9. Let h(y) = 8*f(y) + 3*p(y). List the prime factors of h(1).
2, 5, 43
Let x(r) = -34*r + 6. Let s be x(-2). Let k = s + -71. Suppose -78 = k*u - 4*u. List the prime factors of u.
2, 3, 13
Suppose 15*w - 24*w = 8748. Let n = 1528 + w. List the prime factors of n.
2, 139
Let q = -3318 - -7623. List the prime factors of q.
3, 5, 7, 41
Let y = -27382 - -76051. What are the prime factors of y?
3, 16223
Let o = 495 + 282. Let b = -569 + o. List the prime factors of b.
2, 13
What are the prime factors of (-10352)/(-3) - 1030/618?
3449
Let c = 37028 + -26166. Suppose -27*m - 2060 = -c. What are the prime factors of m?
2, 163
Suppose -5*f - 2*p = -3368 - 25832, 2*f + 4*p = 11680. What are the prime factors of f?
2, 5, 73
Let i = -1275 + 8470. What are the prime factors of i?
5, 1439
Let k be 9*113/3 + -4. Suppose 0*b - k = -5*b. Let x = 163 - b. List the prime factors of x.
2, 3
Let v(d) = -d**3 - 4*d**2 + 5*d + 2. Let u(x) = 5*x - 19. Let p be u(11). Suppose 9*c = 15*c + p. What are the prime factors of v(c)?
2, 11
Let g(h) = -h**3 - 6*h**2 + 11*h + 12. Let j be g(-7). Let p be (-2 - 0)*88/j - -1. Let v = p - 0. List the prime factors of v.
2, 3
Suppose 12290 + 2686 = -12*y. What are the prime factors of ((-14)/84)/((-3)/y)*-6?
2, 13
Let x(j) be the second derivative of -j**3/6 + 7*j**2 - 2*j. Let d be x(11). List the prime factors of 5971/42 - d/18.
2, 71
Let r be (-25)/10 + 1/2. Let v be ((-2)/(-6))/(r/(-354)). Suppose -4*b + v = -5. List the prime factors of b.
2
Let b(s) = 34453*s**2 + 275*s - 277. What are the prime factors of b(1)?
47, 733
Suppose 4*q + 3*o = -0*q - 171, 2*q = 2*o - 82. What are the prime factors of (-1224 - 0)*21/q?
2, 3, 17
Let u(k) = k**3 - 17*k**2 - 32*k + 15. Let d = 72 - -4. Suppose 24*n = 20*n + d. List the prime factors of u(n).
3, 43
Let m = -110 + 884. Suppose 0 = 5*o + 8 + 7, -5*o - m = -3*f. List the prime factors of f.
11, 23
Let a = 20492 - -82. What are the prime factors of a?
2, 3, 127
Suppose -12*r - 88 = -3*h - 16*r, h = -r + 31. Suppose -h*g = -48*g + 4080. List the prime factors of g.
2, 5, 17
Let o = -85 - -97. List the prime factors of (144/o)/(4/270).
2, 3, 5
Let f(h) = 53*h**2 + 4 - 4*h + 56*h**2 - 103*h**2 - h. List the prime factors of f(3).
43
Let j = -4326 + 12015. List the prime factors of j.
3, 11, 233
Suppose 33*a = 38*a - 430. Let i be (-2 - (-5)/(10/a))*-1. Let m = i + 91. What are the prime factors of m?
2, 5
Let g(t) = t**3 + 21*t**2 - 62. Let l be g(-22). Let j = l - -624. What are the prime factors of j?
2, 3, 13
Let v = 628 - 321. Suppose v*d - 312*d = -35. List the prime factors of d.
7
Suppose -63*r = -67*r - 2428. Let i = r + 1023. Suppose -4*y + i = 44. What are the prime factors of y?
3, 31
Let m = 1230 + -134. List the prime factors of m.
2, 137
Let y = -11408 + 32241. What are the prime factors of y?
83, 251
Let s(y) = -3*y**2 + y - 11. Let u be s(4). Let j = u + 656. What are the prime factors of j?
601
Let i(w) = 4*w + 13. Let z be i(-6). Let y be -2 + (67 - 2/(-4)*2). Let b = y - z. What are the prime factors of b?
7, 11
Suppose 0 = -5*x + 16566 + 48969. List the prime factors of x.
3, 17, 257
Let k(u) = u**2 - 10*u + 8. Let z be k(10). Let p be (-4 - (-33)/6)*z. Suppose -4*